 -35 - -1 - (-23 - (-32 + 20 + 2 + -15)).
-36
Evaluate -39 + -4 - (1351 + -1339).
-55
What is the value of 55 + (24 - (18 - 8)) + -24?
45
What is 69 + -15 - (-402 + 493)?
-37
Calculate 2 + -11 + (2491 - 2433) + 1 + -5 + 1.
46
Calculate 32 + (-9 - (20 + 30)) - 7.
-34
Evaluate 11 - (9 - (-16 - -20) - (-10 + -13)).
-17
Calculate -15 + 51 + (54 - 92).
-2
What is the value of -6 - 0 - (-80 - -120)?
-46
What is (39 - -3) + -2 - (-1310 - -1329)?
21
(70 - (31 - (23 - 26))) + 28
64
What is (-16 - -12) + 12 - (4 + 6 + 7)?
-9
Calculate (-69 - (6 - 52)) + (3 - -12).
-8
4 + -1 - -5 - (4 - 16)
20
Evaluate 53 - 0 - (1 + 1) - (184 + 85 + -256).
38
(17 - 72) + (22 - 14)
-47
What is (-1 - 3) + -11 + (44 - 6 - -11)?
34
Evaluate (41 - (0 - -22)) + -25 + (1 - 1) + -3.
-9
What is 1 + -4 + 5 + -68 + 38?
-28
13 + -3 - (15 - (43 - 4) - -6)
28
Evaluate 61 + (-29 - -22) + (-1 - 1) - (-56 - -44).
64
What is 0 + -7 - ((101 - 116) + 2 + 0)?
6
-26 + (-45 - -115) + (14 - (7 - 8))
59
What is the value of 168 + 65 + -150 + -138?
-55
What is (17 - 13) + 7 + (-7 - -4 - (-11 + -1))?
20
What is 3 - -13 - (9 - 21 - -20) - (-2 + -50)?
60
What is the value of (18 + -54 - -124) + -45?
43
Calculate (117 - (26 + 52)) + -22.
17
What is 358 + -437 + (36 - 2)?
-45
Calculate -5 - (1 + -15 + 26) - (-2 - -11).
-26
Calculate (-6 - -3) + -2 - (-70 + 69) - -34.
30
Evaluate (-100 - (97 + -74)) + 67.
-56
What is the value of 37 + 41 - (16 + -31 + -2 + 5)?
90
(11 - -23) + 71 + -110
-5
76 - (-44 - (-75 - 68))
-23
Calculate (-31 - -155 - 168) + 131.
87
Calculate (23 - ((1 + 6 - 17) + 16) - -2) + -7.
12
What is the value of 3 - (10 + (-55 - -56))?
-8
142 + -148 + (38 - -3)
35
Evaluate 15 + 2 - -25 - (43 + -48).
47
Calculate (52 - -1) + -1 + (-113319 - -113300).
33
What is 5 + (60 - (-40 + 34 + (17 - 1)))?
55
Calculate 14 + (14 + (-35 - 1) - -13) + -13.
-8
What is the value of 8 + 5 - (41 + -42) - (2 - -31)?
-19
What is the value of -41 - ((-144 - -148) + (-9 - -1) + -8)?
-29
Calculate (-433 - -427 - (2 - 13)) + (34 - -1).
40
What is (-2 + 12 - 6 - -1) + 5 + 31 - 3?
38
Calculate (1 - (-8 + 3)) + -26 + 77 + -89.
-32
What is (-2 - 10) + (10 - 3) + 24 + -12?
7
Evaluate -53 + 1 + 66 + 24.
38
0 - (-3 + 13 + (-7 - 0) - 0) - 75
-78
Calculate -12 - (-1 - -8 - (101 - 95) - 10 - -35).
-38
What is the value of -5 - -7 - (-9 - 11 - -26)?
-4
What is -135 + (-191 + 36 - -182)?
-108
-41 + 52 + (3 - 20) + -47
-53
What is the value of -2 + -6 - 12 - ((-13 - -13) + -5 - -7)?
-22
What is the value of 79 - -73 - 166 - (-1 + -70)?
57
Calculate 1 - (-83 + -25 + 52).
57
What is the value of 109 + -57 - ((-17 - -10) + -6 + 5 + -3)?
63
Evaluate (-7 - -83) + -1 + (1 - -6).
82
Evaluate (-47 + 32 - -42 - 62) + 60.
25
What is the value of -11 - (-2 - 53) - (-4 - (17 - 5))?
60
What is the value of -43 - (77 + (15 - 65))?
-70
-53 + -107 + (41 - -42)
-77
(31 + -2 - 0) + 1462 + -1487
4
3135 - 3186 - (-67 - -1)
15
What is (1 - -123) + (-122 - (-214 + 116))?
100
What is the value of (-31 - 54) + (-1 - -19) + (58 - 59)?
-68
Evaluate -1 + 9 + -41 + 73.
40
What is 8248 + -8285 + -2 + 31?
-8
What is 71 - (1 + -61 + 571 + -536)?
96
Calculate (118 - 138 - (-1 + -17)) + 0 + 63.
61
What is the value of 10 - (6 - 0 - ((6 - (16 - -1)) + 6))?
-1
Evaluate -48 + (45 - (-19 + 32)).
-16
What is 30 - (43 + -40) - -5?
32
What is 2 + 9 + (-4 - (-2 - -2)) - (-31 - -134)?
-96
Evaluate -349 + 340 - (-69 + -12 + 7).
65
36 - -27 - (-73 - -128)
8
Evaluate 2 - (-31 + 9 + -10 + (2 - -7)).
25
What is the value of -17 - ((-1045 - -1048) + (-1 - -22))?
-41
Evaluate 26 + -97 + (3 - -23) + 11.
-34
Calculate 126 + -27 + -88 + 4.
15
What is (-86 + 42 - -192) + -92?
56
Evaluate -9 - -41 - (47 + -4) - ((2 - 13) + 2).
-2
-32 + (119 - 81) + 38
44
Evaluate -12 + 3 + (-20 + 36 + -11 - -31).
27
Evaluate (-16 - (36 + -61)) + -27 + 4 - (-16 - 0).
2
Calculate -41 + 18 + 64 + -44 + (-3 - 14).
-20
Calculate -20 + 44 + -69 + (-3 - -3 - 1 - -6).
-40
Calculate -1 - (-1 + -19 + -2 + 19).
2
What is -19 + 31 + (21 - 9) + -18?
6
Calculate 111 - (-2 - -56) - 16.
41
Calculate (86 - (-3 + 1)) + (522 - 554).
56
What is (-17 - 107) + 78 - -36?
-10
What is the value of (10 - (1 - 1)) + 10 + 22?
42
51676 + -51708 - (-1 + 1 - -38)
-70
What is 83 + -37 + (-47 - -50)?
49
Evaluate -21 + 74 - 56 - -1.
-2
Evaluate -155 + (29 - (1 + -36)).
-91
Evaluate 5 - (-19 - 6 - -3).
27
What is -12 + (-7 - -10 - (1 + 0))?
-10
-675 + 637 - (-49 + -3)
14
-153 + -12 - -114 - (18 + -2 - 3)
-64
What is the value of (-132 - (-122 + 127)) + 77?
-60
What is -210 + 166 - (-63 - -4)?
15
What is -69 - (-109 + -20 + 88)?
-28
What is 0 + 11 + -58 + -7 + (-31 - -35)?
-50
Evaluate -7 - 152 - (42 + 44 - 135).
-110
Calculate (1 - (2 + 1)) + 17 + (14 - (77 - 38)).
-10
What is the value of 154 + -237 + (1 - 5) - (3 + -14 + -1)?
-75
What is the value of 29 + -1 + (-1155 - -1187)?
60
Evaluate (-28 - -34) + -26 - (16 + -9 + -23).
-4
What is (19 - 36) + -58 - -127?
52
What is the value of (-18 - 2) + (34 - 21 - (19 - 3))?
-23
-12 + 22 + 14 - (-1 - 51)
76
Evaluate -65 + 60 + -5 + -38.
-48
Calculate -2 + 33 + 2633 + -2627.
37
What is (-9 - (-198 - -90)) + -21?
78
What is 114 + (-56 - -14 - 17)?
55
What is (14 - 34 - -24) + 34?
38
Calculate -38 - 1 - (64 - (66 + 10)).
-27
What is -65 - -77 - (-17 - -58)?
-29
Evaluate (87 - -1 - 0) + (5 + (0 - 17) - -13).
89
What is -20 - (-1613 + 1615 + 1 + -9)?
-14
Calculate 90 - 109 - (-1 - -14) - 8.
-40
What is the value of 70 + (-37 - -71) + -14 + -2?
88
Evaluate -24 + (24 - 41) - (-12 - -21).
-50
Calculate -86 + -104 + 75 + 148.
33
-11 + (66 - 12) + 22
65
18 + 4 - 4 - (51 + -9 + -87)
63
What is the value of -819 + 806 + (3 - (2 + -3)) + 61?
52
Calculate 30 - (-27 - (-73 + 33)).
17
-99 + (14 + (-30 - (-4 - 9)) + -12 - -14)
-100
Evaluate -14 - (-33 + 22 + 7 + -118).
108
What is the value of (34 - 39) + 7 + -72 - -19?
-51
-9 + 13 - -9 - (6 - 10 - -14)
3
-2 + -71 + 3 + (5237 - 5210)
-43
What is -121 - ((-11 - -9) + -11 + (7 - 0) + 2)?
-117
What is the value of 32 + (4 - 2) + (107 - (241 + -122))?
22
5 + (7 - ((-1 - 2) + (-7 - -23 - 9)))
8
Calculate 35 + (6 + -23 - -10 - -15).
43
Evaluate 2 - (-33 + 33) - (21 + -1).
-18
Evaluate -369 + 383 + 0 + 5 + -16 + 71.
74
Calculate 21 + (23 - 25 - -9 - 7) - -3.
24
Evaluate 32 - -1 - (-320 + 333) - 64.
-44
What is the value of 84 + (-170 - 8) - (-12 - (6 - 2))?
-78
What is the value of 16 + (49 - 55) - (-27 - 3)?
40
Calculate (9 - 10 - (-3 - 59)) + (-2 - 1) + 6.
64
Evaluate -14 + (-101 + 34 - -62).
-19
What is (-7 - -23 - 21 - -51) + -5?
41
What is the value of 3 - (3 - (5 + -1)) - (194 + -194)?
4
What is the value of -21 + (35 - (22 + 6 + -20 - -5))?
1
What is the value of 33 - (-8 - (-6 + (-7 - -9) + 4))?
41
What is (-1 - 10) + (32 - (118 - (0 + 32)))?
-65
Calculate -3 - ((6 - 17) + -11 + 26 + 1 + -67).
59
Calculate 3 - ((-49 - -41) + -32) - 45.
-2
Calculate (-7 - (-16 - 9)) + (-7 - 64) + 5.
-48
What is the value of 82 - (-56 - (56 + -140))?
54
3 + -5 + 67 + -6 + -3
56
Calculate 49 + -119 + 66 + 36.
32
Calculate 2 - (1 - (14 + -6 + 1 - (-12 - -11))).
11
Evaluate (-73 - -67) + 0 + 3 + -2 + -5 + -1.
-11
-3 - -59 - (7149 + -7161)
68
What is the value of -3 - (0 - (16 + (2 - 4) + -19))?
-8
Evaluate 16 + (16 - 34 - 86) + (-9 + 9 - -14).
-74
What is -10 + -3 + -12 + 4 + -20 - -13?
-28
Evaluate (-597 - -674) + (4 + -5 - 7) + 0.
69
What is the value of -56 - (-12 - -11 - 0) - 4 - -11?
-48
Calculate 9 + 2 + 41 + -27.
25
(-25 + -2 - 0) + 0 + 77 + 67 + -160
-43
What is the value of -3 + 1 + 11 + 7 + (41 - 16 - 6)?
35
Evaluate (-40 - (160 - 127)) + (2 - -7) + -1.
-65
(25 + -16 - 14) + 2 + 7 + -31
-27
Evaluate -3 + -1 + (9 + -3 + -10 - -27).
19
What is the value of -7 + -19 + 37 - (71 - -55 - (1 - 4))?
-118
Evaluate 20 + (106 - (10 + (21 - 39) - 5)).
139
17 + (117 - 144) + -93
-103
Evaluate -109 + 146 + -8 + -4.
25
Calculate 136 + 7 + -16 + (-4 - 2) + 29.
150
Evaluate 7 + (45 + -16 - 23 - (-4 + 12)) + 8.
13
Calculate 19 - (6 - -4) - (8 - (4 + -42)).
-37
What is the value of -51 + -56 + 87 - 16?
-36
Evaluate -16 + (23 - (-19 + 16)) - (2 - (11 - -1)).
20
What is the value of -40 + 65 + -74 - (-1 - 17)?
-31
What is -8 + (2 - (8 + 7))?
-21
(-17 - (-26 - (-13 - -3))) + 24
23
-144 + 29 + (-70 - -120)
-65
Evaluate -18 + 16 + (11 - (74 - (10 + -18))) + -2.
-75
-64 - -59 - (5 + -6